 + -10 + 10?
0
What is -13 + -5 + 9 + (3 - 0)?
-6
What is 6 + (-16 - (12 - 26))?
4
Calculate 4 + (4 - 7 - -1).
2
What is the value of (1 - 6) + -9 + 11?
-3
Evaluate 0 - 0 - (-30 - -27) - 1.
2
(-2 - (2 - 0)) + 59 + -55
0
Evaluate 0 - ((4 - -1) + -1).
-4
What is the value of 0 - (-2 + -2 + (-2 - -3))?
3
What is -3 + 2 - (1 - (-10 + 6))?
-6
Calculate (94 - 86) + (-5 - -1).
4
(-4 - -1) + -1 + -3 + 6
-1
6 - (-4 + 11) - -2
1
Calculate -4 + (-2 - -5) - 6.
-7
1 - (-3 + 2 - (1 - 1))
2
(0 + -6 - (52 - 53)) + 7
2
-8 + 4 + -1 + 4
-1
What is the value of 2 - -1 - (1 - (-6 + 2))?
-2
What is 0 - (0 - -4) - (13 + -12)?
-5
-1 - 2 - (4 - (0 - -10))
3
Evaluate 4 - (5 + 1 - 0).
-2
Calculate 19 + -11 + 13 + -13.
8
Calculate (2 - 3 - (4 - -1)) + -3.
-9
What is -1 + 1 - (-7 + -9 + 21)?
-5
13 - (-3 + 5 + 2 - -2)
7
9 - 3 - (13 - 13)
6
What is (2 - 0 - 10) + -4 + 13?
1
What is the value of 149 + -145 + (-4 - (1 - 1))?
0
Calculate (1 - 2) + 2 + -2.
-1
What is the value of -5 + -5 - (-17 - -8)?
-1
Evaluate 8 - (2 - -8) - 4.
-6
What is the value of -1 + (1 - 3 - -6)?
3
-2 + (-7 - -3) + 7 + -2
-1
What is the value of (-1 - -6) + (7 - (0 + 13))?
-1
(29 - 30) + 0 + -3
-4
(9 - (14 + -1)) + 12
8
Calculate 1 + 5 - (-3 + 2 + 3).
4
Calculate 15 - ((-2 - -4) + 7).
6
Evaluate 9 - (-9 - (-17 + 1)).
2
Calculate (-3 - -1) + -1 + 0.
-3
Evaluate 0 - (0 - 5) - 7 - 4.
-6
What is the value of -6 - ((-1 - 14) + (12 - 9))?
6
-4 - (1 - (-3 + 1))
-7
5 + 1 + (4 - 2) + -3
5
Evaluate 16 - 10 - (-15 - -12).
9
Evaluate -51 - -52 - (1 - 1).
1
What is -9 + (0 - -5) + 0?
-4
Calculate 1 + -1 - (-15 - -18).
-3
What is the value of 8 - (5 - -3) - (-1 - -1)?
0
What is the value of (-2 - (1 - 0)) + 2 - 0?
-1
Evaluate -2 - (-2 + -8 - -3).
5
5 + -15 + (2 - -7)
-1
13 - 21 - (-11 + 3 - 2)
2
What is the value of (2 - 7) + 4 - -1?
0
Evaluate -13 + 16 + (-6 - -6).
3
Evaluate 10 - (9 - (-6 - -7)).
2
What is the value of 22 + 1 - 5 - 10?
8
What is the value of -5 + (5 - 0) + 4?
4
0 - (-13 + 13) - (0 - -7)
-7
What is 1 + 7 + -27 + 21?
2
(3 - 10) + 5 - -6
4
What is 6 - (1 - (0 - 1))?
4
What is -2 + (0 - -3) - (0 - -2)?
-1
Evaluate (-5 - (4 - 1)) + (6 - 1).
-3
What is the value of -5 - ((0 - 7) + -6 + 10)?
-2
What is 3 - -1 - ((2 - 5) + 11)?
-4
What is 0 + -1 - -1 - (216 - 218)?
2
Evaluate 3 - (4 + (-4 - 1)).
4
Evaluate -2 + (-3 - -4) - (-2 + 0).
1
Evaluate 0 + 4 - (6 + -3).
1
Calculate -12 + (4 - (-6 + 6)).
-8
Evaluate 2 + 4 + 17 + -12 + -2.
9
What is the value of -8 - 3 - -11 - -9?
9
Calculate (0 - ((1 - 3) + 3)) + -1.
-2
What is (-4 - -12 - 2) + -4?
2
Calculate -3 - (-5 + 0 - (-11 + 8)).
-1
Calculate 1 - (-9 - -6) - 6.
-2
Calculate (-4 + 0 - -21) + -8.
9
Evaluate (-1 - 1) + 9 + -11.
-4
Calculate 0 - (-11 - -9 - -5).
-3
What is the value of -9 + (15 - 1) + -7?
-2
Evaluate 0 - 1 - (8 + -6 - -2).
-5
What is 6 - (-10 + 11 + 11)?
-6
Evaluate 0 + (7 - -5) + -10.
2
What is 2 - (3 + 0) - -8?
7
-3 + 1 + 4 + (0 - -2)
4
Evaluate 1 + -5 - (-9 + 4).
1
Evaluate (1 - 8) + (18 - (9 + -3)).
5
What is the value of -2 + 7 - ((0 - 2) + 2)?
5
(-1 - -2) + -17 + 18 - -2
4
What is the value of 7 + (-6 - -12 - 14)?
-1
What is the value of 2 + 1 - ((7 - -5) + -10)?
1
Calculate (1 - 1) + -3 + 3 - -3.
3
(1 - (1 + -1)) + (-4 - -8)
5
Calculate -1 + 0 + 1 + -5 + 2.
-3
Calculate -11 + 4 + (5 - -3).
1
-6 + 7 + 3 + -1
3
What is the value of 1 + (9 - -1) + (-35 - -30)?
6
What is the value of -9 - (-7 + (10 - 8))?
-4
What is the value of 0 + 5 - 3 - (-2 + -1)?
5
Evaluate -12 + 18 + (10 - 0) - 9.
7
What is 14 - (1 + 2 + 0 + 4)?
7
4 - (-1 + (-5 - -5))
5
Calculate -55 + 67 - (2 - -1).
9
(-2 - 1 - 1) + 3 + -2
-3
0 + 1 + -2 - -2
1
3 + (-18 - -4) + 3 + 2
-6
What is 1 - (-2 - 5 - -5)?
3
What is (7 - -1) + -9 - (4 + -2)?
-3
What is (-1 - -6) + (-19 - -19)?
5
Calculate 0 + 5 + -8 + 10.
7
What is -3 + 9 - 5 - -1 - 1?
1
What is (6 - -1) + -7 + 3?
3
Calculate -1 + -3 + (0 + 0 - 0).
-4
10 + (-6 + -4 - -2)
2
What is (2 - 5) + (-18 - -23)?
2
Calculate 20 + -23 - (0 - 7).
4
-1 - (5 - (5 + -7 + 5))
-3
What is the value of 3 + -6 + -2 - -7?
2
What is -2 + 1 + -1 + 11 + -14?
-5
4 + -7 + 4 + 4
5
Evaluate (7 - 0) + 1 - (-80 - -80).
8
-7 - 0 - (-10 + (24 - 11))
-10
What is 6 + (0 - 2) + (7 - 6)?
5
Calculate 11 - 5 - (-1 + 1 + 12).
-6
What is the value of -12 - -2 - (-12 + 6)?
-4
What is the value of -3 - (9 - 4) - -4?
-4
1 + (4 - 0 - 2)
3
What is -9 - (-1 + (-11 + 3 - -5))?
-5
Evaluate 4 + 2 + -3 - -4.
7
Calculate 24 + -36 + 6 + 1.
-5
What is -1 - 10 - (-1 - (0 + 6))?
-4
-55 - -49 - (-8 - -2)
0
What is the value of -1 - 2 - (-83 + 78)?
2
What is the value of -17 + (10 - 3 - -1)?
-9
6 + -15 + (-13 - -17)
-5
Calculate (-18 - -12 - -5) + 6 + 0.
5
What is -152 + 139 + (1 - -9)?
-3
Calculate -3 + 6 + -3 - -4.
4
Calculate -4 + 2 - (6 - (16 + -18)).
-10
Evaluate 3 - (-5 + -1 - -4) - 0.
5
Evaluate 1 + 0 + 60 + -66.
-5
What is the value of -4 + -1 + -2 + -2 + 14?
5
What is 1 - (10 + -17 - (-1 + 2))?
9
-6 - (1 - 6) - 1
-2
What is -4 + 4 + (-3 - -2)?
-1
What is the value of 3 - (0 + 6 - (-24 + 31))?
4
Calculate -25 + 26 + 4 + 0.
5
Calculate 7 - 2 - 3 - (8 - 0).
-6
What is 1 + 2 + 4 + -2?
5
Calculate -4 + 0 - (-72 + 68).
0
What is the value of -4 + 0 + 2 - (-18 + 19)?
-3
What is the value of -11 + 10 - (4 - 0)?
-5
What is (1 - -4) + (-9 - (0 + -4))?
0
-264 - -253 - (-5 + 1)
-7
What is the value of 3 - (-6 + 16 + -9)?
2
9 + 3 - (-2 + 13)
1
Evaluate 28 - 29 - (5 + 0).
-6
What is (-30 - -24) + 3 + 0?
-3
(0 - -7) + 5 + (-1 - 8)
3
Calculate 0 + 3 + -1 - 1.
1
Calculate 11 - (2 + 4 + 5).
0
-7 + 5 + (8 - 5)
1
3 - (-4 + 0 + 3)
4
What is the value of -13 + 6 - 3 - -3?
-7
Evaluate -5 + 6 - (2 - -1) - -4.
2
Calculate 11 - (-17 + 11 - (-2 + -9)).
6
What is the value of -4 + (-6 - -6) + 2 + 2?
0
Calculate -7 - (7 - (3 - (-13 - -6))).
-4
What is (-2 + 2 + -4 - -2) + 4?
2
What is (3 - 5) + (0 - (-1 + -1))?
0
What is the value of (-1 - 6) + (55 - 55)?
-7
2 + 2 + 2 + -7
-1
Calculate 5 - (1 - -3) - (4 - 3).
0
What is the value of -7 + (0 - (2 + -3))?
-6
-10 + (-3 - (2 + -4 - 5))
-6
1 - -5 - 3 - 8
-5
What is the value of 6 + 8 + -10 - (2 - -2)?
0
Calculate -7 + (86 - 68) + (1 - 1).
11
Evaluate (-6 - -6) + -6 + 3.
-3
What is the value of 12 + -5 + -2 - 2?
3
Calculate 2 + 2 + (-4 - (-3 - -6)).
-3
Evaluate 0 + (-1 - (-3 - -2)).
0
Evaluate -2 - ((1 + -4 - -2) + 4).
-5
What is the value of (33 - 33) + (-2 - -1) - -3?
2
What is 9 + -20 - (1 + -5)?
-7
Calculate -8 + 6 + 2 + -4.
-4
Calculate -6 + 7 + -3 + 2.
0
-1 - (0 + (-3 - -6) + 0)
-4
What is -5 + 8 + (-12 - -9)?
0
(9 - 12) + 0 + -5
-8
What is 4 - ((-4 - -7) + -3)?
4
What is the value of 2 - -4 - (13 + -8)?
1
What is -5 + (0 - (-3 - 1)) - -5?
4
What is the value of (1 - -5) + -25 + 16?
-3
Evaluate -4 + (-1 - -4) + 1.
0
(-1 - -3) + -5 - 3 - -1
-5
What is the value of -2 + 3 + (-1 - -2 - 2)?
0
Calculate -2 + (-10 - (-15 - -7)).
-4
-3 + -3 + 1 - (-4 - -4)
-5
6 + -7 + (-5 - (-13 + 5))
2
What is (10 - 15) + 5 - 1?
-1
What is the value of 3 - (1 + 3) - -4?
3
What is the value of 13 - (13 - 3 - 3 - 2)?
8
(6 - 7 - 7) + 0
-8
What is 0 + 1 + -3 + 3 + 2?
3
What is the value of (-11 - -3) + 10 + -2?
0
Calculate -10 + -1 + 4 + 2.
-5
Calculate (2 - 9) + 6 + 0.
-1
-4 + 2 + -4 + 5 + 2
1
What is (7 - (2 + -4 - 0)) + -4?
5
-3 + (8 - 3) + (-5 - 2)
-5
What is 5 - (2 + (3 - 5))?
5
What is the value of -12 + 17 + -5 + 1?
1
Evaluate (20 - (0 - 0)) + -12.
8
Evaluate (-3 - -17 - 11) + -3.
0
Calculate (-4 - -6) + -2 - -1.
1
Evaluate 11 + -10 + 1 + (-1 - 1).
0
Evaluate 3 + 3 + 3 + -10.
-1
What is -7 - ((-7 - -9) + -12 + -2)?
5
What is 114 - 130 - (-1 + -8)?
-7
3 + (-9 - -11) + -11
-6
What is the value of 6 - (8 + 3 + -5)?
0
-6 + -7 + 6 + 2 - -15
10
Evaluate 1 - -3 - (3 + 7 + -3).
-3
Evaluate (0 - -3) + 1 - (23 - 20).
1
Calculate (2 + -4 - 2) + 6.
2
Evaluate (3 - (-1 - -2)) + -4.
-2
What is the value of -3 + 0 - ((6 - 12) + 5)?
-2
Calculate 10 + -3 - ((-1 - 2) + 9).
1
Evaluate 8 + (-3 - 7) + 6 + -1.
3
What is 49 - 40 - (3 - 1 - -1)?
6
Evaluate 6 - ((1 - -5) + -2).
2
Calculate -15 + (-5 - 4 - -16).
-8
Evaluate -8 + 6 - (1 + -2).
-1
What is 1 + -4 + 3 + -9 + 4?
-5
Calculate 4 - (-10 - -5 - -17).
-8
What is -10 - (8 - ((5 - 5) + 15))?
-3
Evaluate (-7 - 0 - 1) + 11 + -8.
-5
What is (4 - ((7 - 4) + 2)) + -7?
-8
-7 + 2 + 8 + 2 + -11
-6
Calculate 0 + 2 - (53 + -48).
-3
What is 7 + 5 + -8